. Suppose -2*q = -f*v - 31 - i, 4*v = 4. What is the tens digit of q?
3
Let i(r) = r**3 + 4*r**2 + 5*r + 3. Let f be i(-3). What is the tens digit of (-1 + 3 + f)/(1/(-67))?
6
Suppose -3*r = 2*a + 2, -7*a - 4*r = -3*a + 12. Let g(b) = b**3 + 7*b**2 - 5*b. What is the tens digit of g(a)?
3
Suppose -1 = d, 2*d = 3*i + i - 5490. Suppose 5*w = -5*s + 1360, -s = 8*w - 3*w - i. What is the units digit of w?
5
Let v(l) = 2*l**3 + 9*l**2 + 3*l + 8. Let a be v(-6). Let z be (-6)/8 - (-14637)/(-84). Let m = a - z. What is the units digit of m?
7
Let q(y) = 96*y**2 + 13*y - 7. What is the units digit of q(-3)?
8
Suppose -3*m - 3*m + 132 = 0. Let b = m + -19. What is the tens digit of (-2)/(b/((-492)/8))?
4
Let w = 754 - 259. What is the hundreds digit of w?
4
Suppose 5*h - 8 = 2. Suppose 4 = -0*j + h*j. Suppose 9 = m - j. What is the tens digit of m?
1
Let u be (11 + -3)*(-2)/(-4). Suppose -93 = -u*z + z. What is the units digit of z?
1
Suppose -y - 45 = 5*t - 2749, 2*t = 2*y - 5408. What is the tens digit of y?
0
Let r(s) = s**2 - 7*s - 2. Suppose a + 1 + 4 = 0. What is the units digit of r(a)?
8
Suppose 5*m + 2*x - 126 = -0*m, -4*m + 4*x + 112 = 0. Suppose -2*g + 8 = 0, m = h - 3*h + 3*g. Let z = h - -9. What is the units digit of z?
2
Let u be 18/8*40/15. Suppose 0 = -5*m + u*m - 6. Suppose 30 = 4*k - m. What is the units digit of k?
9
Let q = -1791 - -2068. What is the hundreds digit of q?
2
Suppose 661 = p - 1444. What is the tens digit of p?
0
Suppose -3 = 4*p + 1. Let b be (89 - (-1 - -3)) + p. Suppose 2*g - b = -4*l - l, 0 = -5*l + 20. What is the units digit of g?
3
Suppose 0 = 4*n - 7 - 1. What is the tens digit of 0 + 67 + (n - -2)?
7
Let d be (9 + -3)*4/12. Suppose 35 + 33 = d*i. What is the units digit of i?
4
Let o(z) be the second derivative of -3*z**5/20 - z**4/6 + z**2/2 + 4*z. What is the units digit of o(-1)?
2
Suppose c = -4*k + 12 + 2, 2*c - 2*k = 68. Let z = c + -93. What is the units digit of (z/35)/(3/(-10))?
6
Let d = -23 + 23. Let m = -4 - -8. Suppose d = -m*k - 17 + 217. What is the units digit of k?
0
Let m(l) = -20*l**2 - l + 2. Let b(o) = 7*o**2 - 1. Let v(f) = -17*b(f) - 6*m(f). Let s be v(-8). What is the tens digit of 426/21 + (-6)/s?
2
Let x be -14*1 + 5 + -5. Let l = x + 51. What is the units digit of l?
7
Let q = 11747 - 8380. What is the hundreds digit of q?
3
Suppose 4*m = 2*m. Suppose -5*j + 3*d + 364 = m, -j - j = d - 150. What is the units digit of j?
4
Let w = -552 + 333. Let l = w + 344. What is the hundreds digit of l?
1
Suppose 10 = 3*q - 8*q, 4 = 2*p + 2*q. What is the tens digit of p*((-6)/(-4) - 17/(-2))?
4
Let b(f) be the third derivative of -f**4/24 + 8*f**3/3 + 15*f**2. What is the units digit of b(-11)?
7
Suppose -65814 = -91*z + 65681. What is the tens digit of z?
4
Suppose 871 + 1033 = 7*f. What is the units digit of f?
2
What is the tens digit of (-7 + (-275)/(-15))/((-4)/(-630))?
8
Let l = 44 + 11. Let x = l - 21. Suppose -2*h + h + x = 0. What is the tens digit of h?
3
Suppose -3 = 3*v, -3608 = -4*a - 5*v - 433. What is the hundreds digit of a?
7
Suppose -2*x + m = -868, -2*x + 2*m = 6*m - 878. What is the tens digit of x?
3
Suppose 5*n - 915 = 4*i - 0*i, -2*n + 366 = i. Let v = n + 46. What is the hundreds digit of v?
2
Let o(w) = w**3 - 14*w**2 + 4*w - 54. What is the tens digit of o(17)?
8
Let y(t) = -t**3 - 11*t**2 - 7*t - 5. What is the tens digit of y(-14)?
8
Suppose -1370 - 2620 = -19*u. What is the hundreds digit of u?
2
Suppose 10*u + 371 = 3*u. Let z = 222 + u. What is the tens digit of z?
6
Let w(r) = -r**3 - 7*r**2 - 4. Let j be w(-7). Let y(o) be the first derivative of -o**4/4 - o**3/3 + o**2 - 5*o - 1. What is the units digit of y(j)?
5
Let r = -2166 - -3782. What is the units digit of r?
6
Suppose -5*y + 2*s = -55, -3*y + 4*s + 12 = -35. Let m = 9 - y. Suppose -2*g - 3*g + 5*j + 245 = m, 0 = 4*g + 4*j - 196. What is the units digit of g?
9
Let v = -7 + 10. Let y be (-76)/(-95) + (-412)/(-10). Suppose v*p - y = 9. What is the units digit of p?
7
Let q(k) = 4*k**3 - 2*k**2 + 4*k - 2. Let c be q(1). Suppose -323 = -c*r + 4*x + 177, -2*r - x + 247 = 0. What is the hundreds digit of r?
1
Suppose 6*r - 4*r = 5*z + 20, 0 = 4*z. Suppose d + 2 - r = 0. Let p(m) = 3*m + 10. What is the tens digit of p(d)?
3
Suppose -6 = h - 11. Suppose 0*o = h*o + 20. What is the tens digit of 6/5*(-70)/o?
2
What is the hundreds digit of ((-32)/6)/(10/10980*-4)?
4
Let d(c) = c**2 - 5*c + 19. Let w(q) = -q**3 - 9*q**2 - 10*q - 10. Let o be w(-8). What is the tens digit of d(o)?
2
What is the units digit of 1*((-9 - -122) + 11)?
4
Let b = 3327 + -303. What is the units digit of b?
4
Suppose 5*c - 1959 = 4*q + 2540, 8 = 2*q. What is the units digit of c?
3
Let a(c) = 0*c**3 + c**3 + 2*c**2 + 3 - 3*c + 0. Let z(i) = -i**2 + 6. Let l be z(-3). What is the units digit of a(l)?
3
Suppose 4*u + 8246 = 3*o + 954, 3*u + 4863 = 2*o. What is the thousands digit of o?
2
Suppose -15*a - 725 = -10*a. What is the hundreds digit of a/(-1) + -2 + 3?
1
Suppose -25*z = -8516 - 3884. What is the hundreds digit of z?
4
Let v(n) be the first derivative of -34*n**2 - 3*n + 5. What is the units digit of v(-1)?
5
Let u be 3/(-3)*(-1 + -2). Suppose -4*r + 9*r = 4*a + 19, 0 = r - a - u. Let b = r + 12. What is the units digit of b?
9
Suppose 0 = -2*w - 3*w + 25. Suppose 316 + 344 = w*q. What is the units digit of q?
2
Let u be (-24)/15*5/(-2). What is the tens digit of 2*50*1/u?
2
What is the units digit of (-7)/((-7)/(-5)) + 731?
6
Let f(d) = -6*d + 28. Let k be f(10). What is the units digit of (k/(-1 + -1))/(-1 + 2)?
6
Suppose 0 = 3*s + 14 - 23. Let g = 8 - s. Suppose y + 22 = 2*y + 4*v, -5*y + 3*v = g. What is the units digit of y?
2
Let k = -1575 + 2575. What is the hundreds digit of -2 + (k/(-1))/(-5)?
1
Suppose -111 = -4*k + 3*b, 4*b - 102 = -2*k - k. Let d(j) = -22*j - 14. Let u be d(-3). Let m = u - k. What is the units digit of m?
2
Suppose -2*x = -5*c - 1122 + 198, 0 = x + 4*c - 488. What is the hundreds digit of x?
4
Let l(v) = v**2 + 5*v. Let q be l(-7). Suppose -2*d = 2*a - q, 0*a - 2*d = 5*a - 29. Let g(w) = 4*w - 6. What is the units digit of g(a)?
4
Let h be (-212)/(0 + -4) - 3. Let v = 214 - h. What is the hundreds digit of v?
1
Let y = 337 - 222. What is the hundreds digit of y?
1
Let p = 30 + -28. Suppose 0 = o + i + p*i - 23, -4*i = o - 23. What is the units digit of o?
3
Suppose -4*i = -3*y + y - 18, -4*i + 17 = -3*y. Let n = 5 - 1. Suppose i*x - 42 - 65 = 2*z, -4*z - n = 0. What is the units digit of x?
1
Let u(z) = 17*z**3 + 3*z**2 - 5*z + 4. What is the hundreds digit of u(2)?
1
Suppose 0 = u + 3*h - 5, h + 20 = -3*u - h. Let f = -6 - u. Suppose f*y - y = 3*k + 135, -41 = -y - 3*k. What is the units digit of y?
4
Let n be (140/(-25))/((-6)/195). Let i = -111 + n. What is the units digit of i?
1
Suppose 11 = i + 4*r - 2*r, -5*r - 40 = -2*i. Let o = 18 + -11. Let b = i + o. What is the tens digit of b?
2
Let z(v) = -69*v - 9. Let s be 54/(-21) + 16/28. What is the tens digit of z(s)?
2
Let p(t) = -11*t - 44. Let d be p(7). Let q = 221 + d. What is the hundreds digit of q?
1
Let r(k) = -k**3 - 21*k**2 + 29*k + 62. What is the thousands digit of r(-25)?
1
Let p(v) = v + 20. Let h be p(-18). Suppose 4*y - 194 = h*o, -5*y + 306 - 41 = 5*o. What is the tens digit of y?
5
What is the tens digit of ((-3515)/(-74))/(2/8)?
9
Suppose 2478 = -416*s + 418*s. What is the units digit of s?
9
Let g(k) = 7*k**2 + k + 2. Suppose 6*d = 2*d - 24. Let r(q) = 8*q**2 + q + 2. Let v(t) = d*r(t) + 7*g(t). What is the tens digit of v(4)?
2
Let q be 1 + (-3 - -8 - 4). Suppose 2*o - 3*n + 7 = -6*n, -q = 2*n. Let c = o - -11. What is the units digit of c?
9
Suppose 5 = m - 0. Suppose 0 = m*r - r - 12. Suppose -80 = -r*a + a. What is the tens digit of a?
4
Let w(l) = 78*l + 9. What is the thousands digit of w(15)?
1
Suppose 0 = 3*t - 5*n - 119, 2*t + 27 - 113 = 5*n. What is the tens digit of t?
3
Suppose -18 = -3*q - 5*s, 5*s = q + 6*s - 6. Suppose q*y = 506 - 74. What is the tens digit of y?
7
Let g = -398 + 808. Suppose -2*y - 3*n = -164, -2*y + 5*n - g = -7*y. What is the tens digit of y?
8
Let r(t) = -t**2 + t - 1. Let n(w) = -7*w**2 - 2*w + 2. Let j(b) = -n(b) - 5*r(b). What is the hundreds digit of j(4)?
1
Let y(l) = 22*l**2 + 21*l